 x?
9
Let u = 2468 + -1086. What is the thousands digit of u?
1
Let c = 248 - 154. Suppose j = 3*j - c. Let m = j - 27. What is the units digit of m?
0
Suppose f = 3*i + 1512, -f + 2*i + 3*i = -1510. What is the thousands digit of f?
1
Let a = 10740 + -5951. What is the hundreds digit of a?
7
Suppose 30 = -5*j - 10. What is the units digit of ((14/j)/(9/396))/(-1)?
7
Let a(i) = -171*i - 172. What is the thousands digit of a(-7)?
1
Let k be (-477)/4*(-3 + 7). What is the tens digit of 0 + 4/18 - 40916/k?
8
Suppose 6*g - g + 12860 = 5*y, 4*y - 10312 = -4*g. What is the hundreds digit of y?
5
Suppose -3*l + 9 = -6. Suppose k + 13 = 2*b + b, 0 = l*b - 5*k - 35. What is the units digit of b?
3
What is the tens digit of -6 - 0 - 1*-203?
9
Let m(x) = 3*x**3 - 4*x**2 + 10*x + 1. Let k(d) = 4*d**3 - 5*d**2 + 11*d + 1. Let h(l) = -4*k(l) + 5*m(l). What is the tens digit of h(-4)?
4
Suppose -5*s - 2263 = -2*x - 2*s, -5*s = 4*x - 4537. What is the hundreds digit of x?
1
Let q(n) be the second derivative of -2*n**3/3 - 5*n**2 + n. Suppose 11*r - 64 = 19*r. What is the tens digit of q(r)?
2
Suppose -i = -f + 194, -2*f + 0*f = 2*i + 368. Let o = i + 309. What is the tens digit of o?
2
Let j be 2 - 6*3/3. Let c = j + 11. Suppose 3*z - c*z = -88. What is the units digit of z?
2
Suppose -9 + 1 = -2*s. Suppose 5 - 133 = -s*f. What is the tens digit of f?
3
What is the hundreds digit of (3 - 215)/(1/(-2))?
4
Suppose 0 = -30*j + 16367 + 13213. What is the hundreds digit of j?
9
Suppose 56*o - 162139 = 151181. What is the thousands digit of o?
5
Let j = 105 - 43. Let q = 14 + j. What is the tens digit of q?
7
Suppose -2*z + p + 44 = 0, 2*p = -3*z + 44 + 36. Let j be 4/22 + z/(-11). Let d = j + 16. What is the units digit of d?
4
Let v(y) = -y**3 + 4*y**2 - y - 3. Let o be v(3). Let f be -1 + 0 + o + 3. Suppose -5*m + 110 = -f*p, -20 = -m + p + p. What is the units digit of m?
4
Let f = 75 + -67. Suppose -5 = -5*i, -2*l - i + 13 = -28. What is the units digit of f/l + 92/20?
5
Suppose 6 = -3*r, -r = -x + 4*r + 16. Let u be -71 - (x + -2 + 0). Let a = -17 - u. What is the tens digit of a?
5
Let a(k) = 11*k**2 + 3 - 21*k + k**2 - 11*k**2. What is the tens digit of a(-6)?
6
Let k(a) = -a**3 + 25*a**2 - 48*a - 16. What is the units digit of k(21)?
0
Suppose 0 = -4*h + 3*z - 666 + 8596, -3*z - 6 = 0. What is the units digit of h?
1
Let t(l) = l**3 + 17*l**2 + 4*l + 10. What is the tens digit of t(-7)?
7
Suppose 3*k = 5*k. Suppose -h + 4*j = -34, 5*h - 2*j + 0*j - 116 = k. What is the tens digit of h?
2
Let u = -1 - -8. Suppose -u*x + 8 = -3*x. Suppose -43 = -3*h + 2*i, -5*h = -3*h + x*i - 42. What is the units digit of h?
7
Let t(l) = l**3 - 3*l**2 - 3*l - 4. Let m be t(4). Suppose 4*y - 5*h - 11 - 6 = m, 8 = y - 2*h. What is the units digit of 5 + y + 20 + 1?
4
Suppose -3*g + 88 = 22. What is the hundreds digit of 107 - 0 - (-24 + g)?
1
Let h(c) = 2*c**2 - 3*c + 2. Let l be h(4). Suppose -3*z + l = -z. Let w = z + 4. What is the units digit of w?
5
Let d(s) = -10*s + 63. Let g be d(0). Let u = g - -73. What is the hundreds digit of u?
1
Let a be (-4 - -3) + 131 + -1. Suppose 3*s - 327 = -a. What is the units digit of s?
6
Let b(s) = -s**3 + 13*s**2 - 8*s + 10. Suppose p - 16 = -2*p - 4*i, 5*p - 5*i = 85. What is the tens digit of b(p)?
5
Suppose 22 + 23 = -5*q. Let v = q - -15. What is the units digit of (16/v)/(4/6)?
4
Let d = 741 - -311. What is the units digit of d?
2
Let m be (-1)/(-2)*(3 - -805). Suppose -2*f = 2*f - m. What is the hundreds digit of f?
1
Let o(g) = 2*g**2 + 41*g + 138. What is the tens digit of o(-18)?
4
Let s(y) be the first derivative of 7*y**3/3 - y**2/2 - 9. What is the tens digit of s(-2)?
3
Let d = -8 - -75. Let k = d - 22. What is the tens digit of (153/k)/(2/10)?
1
Suppose 2*a = -3*p + 16, 3*p - 14 = -2*a + a. Suppose -286 - 78 = -p*m. What is the tens digit of m?
9
Let a(c) = c**3 + 4*c**2 + c + 5. Let i be a(-3). Let t be (i + -8)*(0 + -1). What is the units digit of -9*(t + 2) - 3?
6
Suppose -18 - 94 = 8*o. What is the units digit of o*(-3 - (-25)/10)?
7
Let q = 326 + -110. What is the units digit of q?
6
Suppose -2 = -4*o + 14. Let x be -5*(4/14 + (-1034)/385). Suppose 0 = -4*d - 2*h + 6, 5*d + o = -2*h + x. What is the units digit of d?
2
Let r(q) be the second derivative of 37*q**4/12 + 2*q**3/3 - 5*q**2 + 8*q. What is the units digit of r(2)?
6
Let a = 197 - -3501. What is the tens digit of a?
9
Suppose -6 = s + 2*p - 0, 5*s + 70 = -2*p. Let k = -28 - s. What is the units digit of (-3)/((-4)/((-16)/k))?
1
Let p = -24 - -95. Let w be 389/(-9) + 2/9. Let v = w + p. What is the units digit of v?
8
Let z = 112 + -144. What is the units digit of 48/z*(3 - 1) + 169?
6
Let j(a) = 17*a**3 + 4*a**2 - 4*a - 1. Let s be j(1). Let f be (-4)/14 - 36/21. What is the tens digit of (32 - f) + s/4?
3
Let h = 19 + -11. Let o(k) = -k**3 + 2*k**2 + 3*k - 3. Let g be o(2). Suppose -g*a - a = -h. What is the units digit of a?
2
Let p be ((-15)/60)/((-1)/3868). Suppose 5*l + 4*h = 10*l - p, -4*l = -h - 767. What is the tens digit of l?
9
Let b = 3115 - 802. What is the thousands digit of b?
2
Suppose 0 = -4*o + 2*o + 2. Let t(m) = 2*m**3 + 2*m**2 - 2*m + 1. Let w be t(o). Suppose 0 = -6*x + 3 + w. What is the units digit of x?
1
Let x be ((-3)/2)/((-3)/18). Suppose -x*i + 295 = 52. What is the units digit of i?
7
Suppose -120 + 392 = 2*r. Suppose 3*o - 3*c = c + r, -8 = 2*c. What is the units digit of o?
0
Let m = 653 + -316. Suppose -5*z + 3 = -m. What is the tens digit of z?
6
Let y(g) = -3*g**2 + 12*g - 31. Let i be y(6). Let c = i - -70. What is the units digit of c?
3
Let o = 56 + -90. Let g = -21 - o. What is the tens digit of g?
1
Suppose 0 = 6*j - 48 - 24. Suppose j*u + 581 = 19*u. What is the units digit of u?
3
Let r = 7 + -3. Suppose 84 = -r*l + 456. Suppose 5*p + 0*v + 2*v = 149, 3*p + 3*v - l = 0. What is the units digit of p?
9
Let q(h) = 14*h + 90. What is the units digit of q(23)?
2
Let d be (-1*(0 - -3))/(6/(-8)). Suppose t = d*s - t - 406, -3*t = -3. What is the hundreds digit of s?
1
Let u be (-12)/(-42) - (-1 + (-26)/7). Suppose 4*c + 10 = 4*y - 114, 2*y = -u*c + 76. What is the units digit of y?
3
Let i = 15 - 11. Let s be 157/3 + i/6. Suppose -3*x + 67 = 3*c - s, 4*c = -2*x + 166. What is the units digit of c?
3
Let h = -5 - -7. Suppose 2*d + h*u - 265 = -u, 5*d = -u + 695. What is the units digit of d?
0
Let x be -1 + 4 + 11 + 2. Let f(y) = -x*y - y - 6 - 20 - y**2. What is the units digit of f(-11)?
0
Let q(x) = x**2 - 3*x - 2. Let o be q(4). Suppose o*k = -k. Suppose k*y + 5*y - 135 = 0. What is the tens digit of y?
2
Let q be (-50)/(-4) - (-4)/(-8). Suppose q*j - 204 = 8*j. What is the tens digit of j?
5
Suppose -21*r = -7*r - 7798. What is the tens digit of r?
5
Suppose 0 = -13*d + 3*d + 3310. What is the tens digit of 2/(-4)*(-27 - d)?
7
Let t be 5/(-7) + 4/(-14). Let a be 4/t - (4 + -32). Suppose -h + a + 17 = 0. What is the units digit of h?
1
Let y = -15 - -42. Suppose 0*l - 2*h + 61 = l, 2*h + 365 = 5*l. Let q = l - y. What is the tens digit of q?
4
What is the tens digit of (-1)/(-1) - (-568 - (-30)/6)?
6
Let l(h) = h + 15. Suppose -8*y - 96 = -0*y. Let r be l(y). Let m(o) = 4*o**2 + 6*o - 6. What is the units digit of m(r)?
8
Let a = 6 - 1. Suppose 0 = -5*j - a*k + 165, -j + 43 + 10 = 5*k. What is the tens digit of j?
2
Let r(k) = -k + 5. Suppose -5*b + 5 = -5*v, -b + 15 = v + 2*b. Let t be r(v). Suppose 58 + 22 = t*a. What is the units digit of a?
0
Let n be 4 - (-2 + 1 + 1). Suppose 3*i = -n*v + 2*v - 11, 2*i = -6. What is the units digit of 8 - (0/3 - v)?
7
Suppose -106*c + 120*c = 3640. What is the hundreds digit of c?
2
Let x(w) = w**3 + 6*w**2 - 2*w + 6. Let j be x(-6). Let z = 21 - j. Suppose 0 = -3*t - z*n + 63, 5*t = -n + 5*n + 105. What is the units digit of t?
1
Suppose 2*l - 5*l = -4*o - 154, 2*o - 222 = -5*l. Suppose l*u - 76 = 44*u. What is the tens digit of u?
3
Suppose 0 = 11*r - 27 + 5. Suppose 3*i - 32 = r*i. What is the units digit of i?
2
What is the hundreds digit of 26452/(-136)*(-1 + -7)?
5
Let d(k) = -63*k - 3. Let w = 24 - 25. Let o be d(w). Suppose -5*m + o = -0*m. What is the tens digit of m?
1
Suppose b = 2, -2 = -p - 3*b - b. Let r(x) = -x + 1. Let s(f) = -2. Let v(g) = 4*r(g) + 5*s(g). Wh